{"id":365,"date":"2024-03-17T17:00:06","date_gmt":"2024-03-17T16:00:06","guid":{"rendered":"https:\/\/iubilaeum2025roma.com\/?page_id=365"},"modified":"2024-03-17T17:00:09","modified_gmt":"2024-03-17T16:00:09","slug":"lituania-chiesa-del-gesu","status":"publish","type":"page","link":"https:\/\/iubilaeum2025roma.com\/index.php\/lituania-chiesa-del-gesu\/","title":{"rendered":"Lituania &#8211; Chiesa del Ges\u00f9"},"content":{"rendered":"\n<p>I lavori per erigere la chiesa iniziarono nel 1551, sotto l&#8217;egida di Ignazio di Loyola, il fondatore della Compagnia di Ges\u00f9, una figura prominente nel periodo della Controriforma.<\/p>\n\n\n\n<p>L&#8217;edificio ha acquisito una particolare rilevanza per la comunit\u00e0 lituana, in gran parte grazie alla presenza della tomba di Jerzy Radziwi\u0142\u0142 (1556\u20131600), il quale ha il merito di essere stato il primo cardinale lituano, ricevendo la consacrazione episcopale all&#8217;et\u00e0 di soli ventisette anni.<\/p>\n\n\n\n<p>Dal punto di vista architettonico, la chiesa rappresenta un punto di svolta nell&#8217;arte sacra, essendo stata progettata in linea con gli ideali promossi dal Concilio di Trento. Caratterizzata da una singola navata, la sua struttura mira a concentrare l&#8217;attenzione dei fedeli sull&#8217;altare e sul predicatore, stabilendo un modello che sarebbe stato adottato nei successivi edifici religiosi costruiti dalla Compagnia di Ges\u00f9 in tutto il mondo.<\/p>\n\n\n\n<iframe src=\"https:\/\/www.google.com\/maps\/embed?pb=!1m18!1m12!1m3!1d2969.8579862487227!2d12.476789476090271!3d41.89591116429873!2m3!1f0!2f0!3f0!3m2!1i1024!2i768!4f13.1!3m3!1m2!1s0x132f604c37825f2b%3A0xbd2f4ff9d307e966!2sChiesa%20del%20Ges%C3%B9!5e0!3m2!1sit!2sit!4v1710691198810!5m2!1sit!2sit\" width=\"600\" height=\"450\" style=\"border:0;\" allowfullscreen=\"\" loading=\"lazy\" referrerpolicy=\"no-referrer-when-downgrade\"><\/iframe>\n","protected":false},"excerpt":{"rendered":"<p>I lavori per erigere la chiesa iniziarono nel 1551, sotto l&#8217;egida di Ignazio di Loyola, il fondatore della Compagnia di [&hellip;]<\/p>\n","protected":false},"author":1,"featured_media":366,"parent":0,"menu_order":0,"comment_status":"closed","ping_status":"closed","template":"","meta":{"site-sidebar-layout":"default","site-content-layout":"","ast-site-content-layout":"","site-content-style":"default","site-sidebar-style":"default","ast-global-header-display":"","ast-banner-title-visibility":"","ast-main-header-display":"","ast-hfb-above-header-display":"","ast-hfb-below-header-display":"","ast-hfb-mobile-header-display":"","site-post-title":"","ast-breadcrumbs-content":"","ast-featured-img":"","footer-sml-layout":"","theme-transparent-header-meta":"","adv-header-id-meta":"","stick-header-meta":"","header-above-stick-meta":"","header-main-stick-meta":"","header-below-stick-meta":"","astra-migrate-meta-layouts":"default","ast-page-background-enabled":"default","ast-page-background-meta":{"desktop":{"background-color":"var(--ast-global-color-4)","background-image":"","background-repeat":"repeat","background-position":"center center","background-size":"auto","background-attachment":"scroll","background-type":"","background-media":"","overlay-type":"","overlay-color":"","overlay-gradient":""},"tablet":{"background-color":"","background-image":"","background-repeat":"repeat","background-position":"center center","background-size":"auto","background-attachment":"scroll","background-type":"","background-media":"","overlay-type":"","overlay-color":"","overlay-gradient":""},"mobile":{"background-color":"","background-image":"","background-repeat":"repeat","background-position":"center center","background-size":"auto","background-attachment":"scroll","background-type":"","background-media":"","overlay-type":"","overlay-color":"","overlay-gradient":""}},"ast-content-background-meta":{"desktop":{"background-color":"var(--ast-global-color-5)","background-image":"","background-repeat":"repeat","background-position":"center center","background-size":"auto","background-attachment":"scroll","background-type":"","background-media":"","overlay-type":"","overlay-color":"","overlay-gradient":""},"tablet":{"background-color":"var(--ast-global-color-5)","background-image":"","background-repeat":"repeat","background-position":"center center","background-size":"auto","background-attachment":"scroll","background-type":"","background-media":"","overlay-type":"","overlay-color":"","overlay-gradient":""},"mobile":{"background-color":"var(--ast-global-color-5)","background-image":"","background-repeat":"repeat","background-position":"center center","background-size":"auto","background-attachment":"scroll","background-type":"","background-media":"","overlay-type":"","overlay-color":"","overlay-gradient":""}},"footnotes":""},"aioseo_notices":[],"_links":{"self":[{"href":"https:\/\/iubilaeum2025roma.com\/index.php\/wp-json\/wp\/v2\/pages\/365"}],"collection":[{"href":"https:\/\/iubilaeum2025roma.com\/index.php\/wp-json\/wp\/v2\/pages"}],"about":[{"href":"https:\/\/iubilaeum2025roma.com\/index.php\/wp-json\/wp\/v2\/types\/page"}],"author":[{"embeddable":true,"href":"https:\/\/iubilaeum2025roma.com\/index.php\/wp-json\/wp\/v2\/users\/1"}],"replies":[{"embeddable":true,"href":"https:\/\/iubilaeum2025roma.com\/index.php\/wp-json\/wp\/v2\/comments?post=365"}],"version-history":[{"count":1,"href":"https:\/\/iubilaeum2025roma.com\/index.php\/wp-json\/wp\/v2\/pages\/365\/revisions"}],"predecessor-version":[{"id":367,"href":"https:\/\/iubilaeum2025roma.com\/index.php\/wp-json\/wp\/v2\/pages\/365\/revisions\/367"}],"wp:featuredmedia":[{"embeddable":true,"href":"https:\/\/iubilaeum2025roma.com\/index.php\/wp-json\/wp\/v2\/media\/366"}],"wp:attachment":[{"href":"https:\/\/iubilaeum2025roma.com\/index.php\/wp-json\/wp\/v2\/media?parent=365"}],"curies":[{"name":"wp","href":"https:\/\/api.w.org\/{rel}","templated":true}]}}

Lituania &#8211; Chiesa del Gesù

<p>I lavori per erigere la chiesa iniziarono nel 1551, sotto l&#8217;egida di Ignazio di Loyola, il fondatore della Compagnia di Gesù, una figura prominente nel periodo della Controriforma.</p>



<p>L&#8217;edificio ha acquisito una particolare rilevanza per la comunità lituana, in gran parte grazie alla presenza della tomba di Jerzy Radziwiłł (1556–1600), il quale ha il merito di essere stato il primo cardinale lituano, ricevendo la consacrazione episcopale all&#8217;età di soli ventisette anni.</p>



<p>Dal punto di vista architettonico, la chiesa rappresenta un punto di svolta nell&#8217;arte sacra, essendo stata progettata in linea con gli ideali promossi dal Concilio di Trento. Caratterizzata da una singola navata, la sua struttura mira a concentrare l&#8217;attenzione dei fedeli sull&#8217;altare e sul predicatore, stabilendo un modello che sarebbe stato adottato nei successivi edifici religiosi costruiti dalla Compagnia di Gesù in tutto il mondo.</p>



<iframe src="https://www.google.com/maps/embed?pb=!1m18!1m12!1m3!1d2969.8579862487227!2d12.476789476090271!3d41.89591116429873!2m3!1f0!2f0!3f0!3m2!1i1024!2i768!4f13.1!3m3!1m2!1s0x132f604c37825f2b%3A0xbd2f4ff9d307e966!2sChiesa%20del%20Ges%C3%B9!5e0!3m2!1sit!2sit!4v1710691198810!5m2!1sit!2sit" width="600" height="450" style="border:0;" allowfullscreen="" loading="lazy" referrerpolicy="no-referrer-when-downgrade"></iframe>
